ase 8, what is 1 + -26?
-25
In base 6, what is -2454 + 5?
-2445
In base 16, what is -d - -4?
-9
In base 4, what is -202333 - -11?
-202322
In base 12, what is -10b3 - -3?
-10b0
In base 10, what is 630 + 2?
632
In base 16, what is -29 - 4?
-2d
In base 13, what is 3 - -191?
194
In base 10, what is 2 - 132?
-130
In base 7, what is 3 - 122?
-116
In base 8, what is 0 - -321?
321
In base 6, what is 4 - -41?
45
In base 6, what is -1 - 23441?
-23442
In base 16, what is 19 - e3?
-ca
In base 4, what is -1110 - -111?
-333
In base 3, what is 1 - 12112?
-12111
In base 6, what is 1022 + 10?
1032
In base 3, what is -1010 - -100?
-210
In base 4, what is 3 + -132?
-123
In base 6, what is -4 + 4534?
4530
In base 6, what is -2 + 3250?
3244
In base 6, what is 1 + 2513?
2514
In base 2, what is 1000000 + 100?
1000100
In base 9, what is -3 - -388?
385
In base 11, what is 41 - 19?
23
In base 13, what is -10 - 2?
-12
In base 9, what is -465 + 43?
-422
In base 15, what is 4 - 18ca?
-18c6
In base 7, what is -53 + -30?
-113
In base 14, what is -3 - 93?
-96
In base 11, what is -4 - 3989?
-3992
In base 9, what is 10 + 20?
30
In base 12, what is 7 - 6?
1
In base 7, what is 234 + 0?
234
In base 6, what is -4 + 4105?
4101
In base 3, what is 120101 - 2?
120022
In base 4, what is -1200132 + 2?
-1200130
In base 8, what is -11 + -2?
-13
In base 4, what is -21113 - -1?
-21112
In base 4, what is 1 - 1122312?
-1122311
In base 14, what is -2 + -17bc?
-17c0
In base 8, what is 5 - -1?
6
In base 10, what is -2 - 93?
-95
In base 11, what is -5 - -314?
30a
In base 6, what is 2 + -2301?
-2255
In base 13, what is -2 - b0?
-b2
In base 10, what is 11852 + -2?
11850
In base 10, what is 0 + 969?
969
In base 4, what is 1 + 1331?
1332
In base 9, what is 7711 + 5?
7716
In base 6, what is 1514 - 0?
1514
In base 8, what is 526 - -3?
531
In base 10, what is -2 - 219?
-221
In base 13, what is 99 - 9?
90
In base 4, what is -2311 + 10?
-2301
In base 4, what is -11 - 2120?
-2131
In base 11, what is 27329 + -5?
27324
In base 15, what is -1be - -14?
-1aa
In base 9, what is 54 - -2?
56
In base 8, what is 2 - -1217?
1221
In base 13, what is 2 + -47?
-45
In base 5, what is 4 + -3?
1
In base 16, what is -5 - -a?
5
In base 3, what is 0 - -12202?
12202
In base 2, what is 11100 - -1?
11101
In base 9, what is -70 + -7?
-77
In base 7, what is -4 - 111?
-115
In base 6, what is 53 + 24?
121
In base 12, what is 6 - -27?
31
In base 9, what is 1 - -4?
5
In base 4, what is 23013 + 1?
23020
In base 9, what is 7 - -46?
54
In base 16, what is -6a - 3?
-6d
In base 16, what is -96b - -1?
-96a
In base 9, what is 2 - -3031?
3033
In base 13, what is -3 - -174?
171
In base 16, what is 1 + -15ab?
-15aa
In base 16, what is 90 + 5?
95
In base 5, what is -3 + 121434?
121431
In base 3, what is 1102010 - 0?
1102010
In base 15, what is -3 - 7d9?
-7dc
In base 2, what is 101 + 1010000111?
1010001100
In base 10, what is 5 - 9?
-4
In base 6, what is 2505 - -35?
2544
In base 11, what is -a46 + 2?
-a44
In base 14, what is 1 + -2a?
-29
In base 9, what is 46 + 5?
52
In base 11, what is -534 + 1?
-533
In base 11, what is 2 + 623?
625
In base 14, what is -2 + -1467?
-1469
In base 4, what is -10302 - 3?
-10311
In base 16, what is 7b - d?
6e
In base 6, what is -23 + -12?
-35
In base 6, what is -25 - 32?
-101
In base 13, what is 1 + 19a?
19b
In base 7, what is -13 - -40?
24
In base 6, what is -4033 - 0?
-4033
In base 3, what is -1 - -1011?
1010
In base 15, what is 44 + -7?
3c
In base 16, what is 9 + 476?
47f
In base 10, what is 252 + 3?
255
In base 6, what is -20 - 211?
-231
In base 10, what is -228 - -29?
-199
In base 8, what is -203 + -2?
-205
In base 15, what is -2 + be?
bc
In base 7, what is 5 + 11330?
11335
In base 10, what is 4 - -14?
18
In base 15, what is -5d + -c9?
-137
In base 11, what is -4 + -aa9?
-1002
In base 2, what is -10 + 11110101?
11110011
In base 11, what is 107 + 0?
107
In base 3, what is -11 - -2021?
2010
In base 10, what is -23 - -8?
-15
In base 3, what is -11 + -12022?
-12110
In base 14, what is -30 + -8?
-38
In base 3, what is -2 - 212?
-221
In base 4, what is 112123 + 1?
112130
In base 5, what is -2123402 + -1?
-2123403
In base 11, what is -18 + 14?
-4
In base 15, what is 178a + 3?
178d
In base 4, what is -10222 - 11?
-10233
In base 3, what is -202220 - 0?
-202220
In base 13, what is 80 - 4?
79
In base 12, what is -b5 + 3?
-b2
In base 10, what is 0 + -4051?
-4051
In base 14, what is -5 + 1751?
174a
In base 12, what is 4 - 950?
-948
In base 9, what is 2213 - 1?
2212
In base 5, what is 41214 + -1?
41213
In base 3, what is -20 - -111?
21
In base 15, what is -850 + 6?
-849
In base 7, what is -10650 - 0?
-10650
In base 15, what is -7e + 0?
-7e
In base 11, what is 0 - 558?
-558
In base 16, what is -ae - -5?
-a9
In base 4, what is 12131 - -123?
12320
In base 4, what is -32331 - 13?
-33010
In base 7, what is -312 + -13?
-325
In base 16, what is 48 + 0?
48
In base 2, what is -11000110001000 - 100?
-11000110001100
In base 8, what is -60 - 1?
-61
In base 13, what is 5 + -49a2?
-499a
In base 4, what is 3 + -1020?
-1011
In base 11, what is 25a + 9?
268
In base 11, what is 5 - -373?
378
In base 11, what is 4 + -29?
-25
In base 3, what is -2100 - 22?
-2122
In base 8, what is 5 + 56?
63
In base 10, what is -1624 + -3?
-1627
In base 8, what is 2 - -4?
6
In base 7, what is 1500 + 0?
1500
In base 10, what is -365 + 0?
-365
In base 8, what is 5234 - -2?
5236
In base 2, what is 1 + -101110?
-101101
In base 16, what is -1 + 6f?
6e
In base 5, what is -230 - -120?
-110
In base 12, what is -2a - -2?
-28
In base 2, what is -110001001 + 1?
-110001000
In base 3, what is 21 + -11200121?
-11200100
In base 15, what is 0 + -51?
-51
In base 2, what is -1 + 111111?
111110
In base 14, what is 28a + -4?
286
In base 10, what is 1 + 140?
141
In base 11, what is -5 - -241?
237
In base 14, what is 3 + 90?
93
In base 5, what is 4 + -3244?
-3240
In base 6, what is -5 - 204?
-213
In base 15, what is 102 - -3?
105
In base 14, what is 0 + -a66?
-a66
In base 10, what is 78 - -3?
81
In base 5, what is -32 - 3413?
-4000
In base 14, what is -5 + -33?
-38
In base 2, what is 1011010001 + -10?
1011001111
In base 2, what is -11 + 101100110?
101100011
In base 11, what is -4 + -69a?
-6a3
In base 16, what is 0 - 22?
-22
In base 7, what is -52 - 263?
-345
In base 3, what is 1111 + -100?
1011
In base 5, what is -3 + 1313?
1310
In base 11, what is 3 + -196?
-193
In base 15, what is 1240 + 2?
1242
In base 10, what is 1683 - -3?
1686
In base 16, what is -4 + -18?
-1c
In base 5, what is -130 - 1?
-131
In base 2, what is 10011111111 - -101?
10100000100
In base 13, what is -12 - -29?
17
In base 13, what is 12 + 307?
319
In base 8, what is 4 + 3004?
3010
In base 11, what is 0 + 20?
20
In base 14, what is 4 - -539?
53d
In base 7, what is -26031 + -1?
-26032
In base 8, what is -3303 - -2?
-3301
In base 13, what is ab - -25?
103
In base 6, what is 24 - 4?
20
In base 5, what is 1 - 104412?
-104411
In base 6, what is 5 + -2?
3
In base 4, what is -213 + 12?
-201
In base 9, what is 21 + 17?
38
In base 13, what is -23 - -92?
6c
In base 4, what is 11 - -1331003?
1331020
In base 4, what is 3020123 - 11?
3020112
In base 15, what is 56d + -2?
56b
In base 16, what is a - -104?
10e
In base 2, what is 10000111111 + -100?
10000111011
In base 4, what is -2 + 33323?
33321
In base 9, what is 2 - -618?
621
In base 7, what is 14 - 2?
12
In base 16, what is 8 - -1c?
24
In base 15, what is -502 - 3?
-505
In base 16, what is 98 + -1?
97
In base 2, what is -10 + 11111000?
11110110
In base 10, what is -815 - -1?
-814
In base 4, what is -32012 + -10?
-32022
In base 11, what is a2 + -6?
97
In base 11, what is -35 + 23?
-12
In base 5, what is 21424 - -2?
21431
In base 5, what is -4 + -12203?
-12212
In base 4, what is -233 + 2330?
2031
In base 8, what is 3 - -7?
12
In base 15, what is -26 - 1?
-27
In base 6, what is 11 - -222?
233
In base 11, what is -55 + 6?
-4a
In base 16, what is -8 + 12?
a
In base 12, what is -36 + 27?
-b
In base 6, what is 2 - -1222?
1224
In base 13, what is 220 + -11?
20c
In base 6, what is -13020 + -1?
-13021
In base 4, what is 11 + -3022?
-3011
In base 12, what is -aa - b?
-b9
In base 9, what is -3 + 71?
67
In base 6, what is -1 - -3043?
3042
In base 13, what is 2 - -33?
35
In base 9, wha